nder when 15686 is divided by 264?
110
What is the remainder when 289420 is divided by 83?
82
Calculate the remainder when 3362 is divided by 420.
2
What is the remainder when 15014 is divided by 221?
207
What is the remainder when 3537 is divided by 34?
1
Calculate the remainder when 26145 is divided by 3265.
25
What is the remainder when 2777 is divided by 230?
17
Calculate the remainder when 29172 is divided by 29170.
2
What is the remainder when 3986 is divided by 3913?
73
Calculate the remainder when 6493 is divided by 175.
18
What is the remainder when 5994299 is divided by 1191?
1187
What is the remainder when 150760 is divided by 23?
18
What is the remainder when 5918 is divided by 5917?
1
What is the remainder when 5875 is divided by 17?
10
Calculate the remainder when 3813 is divided by 1901.
11
What is the remainder when 18496 is divided by 1292?
408
Calculate the remainder when 19211 is divided by 18968.
243
What is the remainder when 13959 is divided by 698?
697
What is the remainder when 553990 is divided by 246?
244
What is the remainder when 987833 is divided by 141118?
7
What is the remainder when 4055 is divided by 35?
30
Calculate the remainder when 2254 is divided by 162.
148
Calculate the remainder when 317 is divided by 89.
50
Calculate the remainder when 4203 is divided by 263.
258
What is the remainder when 903 is divided by 117?
84
Calculate the remainder when 787392 is divided by 127.
119
Calculate the remainder when 8969 is divided by 183.
2
Calculate the remainder when 361415 is divided by 68.
63
Calculate the remainder when 15812 is divided by 22.
16
What is the remainder when 16682 is divided by 47?
44
What is the remainder when 10676 is divided by 98?
92
What is the remainder when 36005 is divided by 11?
2
Calculate the remainder when 338362 is divided by 118.
56
Calculate the remainder when 20428 is divided by 1856.
12
What is the remainder when 5869 is divided by 29?
11
What is the remainder when 7402 is divided by 909?
130
What is the remainder when 54995 is divided by 236?
7
Calculate the remainder when 41354 is divided by 1293.
1271
What is the remainder when 28161 is divided by 2560?
1
What is the remainder when 226152 is divided by 1125?
27
Calculate the remainder when 266160 is divided by 377.
375
Calculate the remainder when 25292 is divided by 706.
582
Calculate the remainder when 2815 is divided by 16.
15
What is the remainder when 111693 is divided by 445?
443
Calculate the remainder when 9562346 is divided by 1172.
1170
What is the remainder when 4679 is divided by 108?
35
Calculate the remainder when 40911 is divided by 20453.
5
What is the remainder when 39606 is divided by 93?
81
Calculate the remainder when 657 is divided by 53.
21
What is the remainder when 22791 is divided by 44?
43
What is the remainder when 3645 is divided by 1792?
61
What is the remainder when 1539135 is divided by 81?
54
Calculate the remainder when 5672 is divided by 17.
11
What is the remainder when 1239 is divided by 820?
419
What is the remainder when 2114 is divided by 458?
282
Calculate the remainder when 9360 is divided by 247.
221
What is the remainder when 785 is divided by 473?
312
What is the remainder when 1522033 is divided by 1002?
997
What is the remainder when 16597 is divided by 489?
460
What is the remainder when 34819 is divided by 2677?
18
What is the remainder when 12286 is divided by 1754?
8
What is the remainder when 4080 is divided by 53?
52
What is the remainder when 269069 is divided by 187?
163
Calculate the remainder when 333 is divided by 291.
42
What is the remainder when 7884 is divided by 120?
84
Calculate the remainder when 1047191 is divided by 3.
2
What is the remainder when 75871 is divided by 75701?
170
What is the remainder when 15260 is divided by 41?
8
What is the remainder when 46012 is divided by 15018?
958
What is the remainder when 2822 is divided by 28?
22
Calculate the remainder when 6873 is divided by 685.
23
Calculate the remainder when 333083 is divided by 41.
40
Calculate the remainder when 54234 is divided by 308.
26
What is the remainder when 310327 is divided by 35?
17
Calculate the remainder when 5286 is divided by 176.
6
What is the remainder when 2819 is divided by 285?
254
Calculate the remainder when 15866 is divided by 1542.
446
Calculate the remainder when 4740 is divided by 1469.
333
Calculate the remainder when 702 is divided by 70.
2
What is the remainder when 59773 is divided by 32?
29
What is the remainder when 80826 is divided by 1840?
1706
Calculate the remainder when 67318 is divided by 874.
20
Calculate the remainder when 760631 is divided by 108661.
4
Calculate the remainder when 3503 is divided by 3499.
4
Calculate the remainder when 651564 is divided by 71.
68
Calculate the remainder when 1079 is divided by 357.
8
Calculate the remainder when 3307 is divided by 532.
115
What is the remainder when 18133 is divided by 3619?
38
Calculate the remainder when 174463 is divided by 37.
8
What is the remainder when 10859 is divided by 3568?
155
Calculate the remainder when 448757 is divided by 29.
11
Calculate the remainder when 1949 is divided by 1884.
65
What is the remainder when 58849 is divided by 4186?
245
What is the remainder when 18436 is divided by 18419?
17
What is the remainder when 381384 is divided by 125?
9
Calculate the remainder when 59069 is divided by 29522.
25
Calculate the remainder when 6012 is divided by 240.
12
Calculate the remainder when 2010 is divided by 525.
435
Calculate the remainder when 942 is divided by 2.
0
What is the remainder when 14309 is divided by 26?
9
What is the remainder when 1358 is divided by 1237?
121
Calculate the remainder when 4388 is divided by 126.
104
Calculate the remainder when 58571 is divided by 103.
67
What is the remainder when 992317 is divided by 35?
32
What is the remainder when 1031 is divided by 1026?
5
Calculate the remainder when 3835 is divided by 35.
20
What is the remainder when 10279 is divided by 1449?
136
Calculate the remainder when 7260 is divided by 213.
18
Calculate the remainder when 7336 is divided by 1127.
574
What is the remainder when 209854 is divided by 47?
46
What is the remainder when 349783 is divided by 27?
25
What is the remainder when 5696 is divided by 22?
20
Calculate the remainder when 10934 is divided by 436.
34
Calculate the remainder when 5602 is divided by 1090.
152
Calculate the remainder when 3538 is divided by 241.
164
Calculate the remainder when 8358 is divided by 31.
19
Calculate the remainder when 175563 is divided by 6.
3
Calculate the remainder when 28479 is divided by 19.
17
What is the remainder when 13524 is divided by 64?
20
Calculate the remainder when 397 is divided by 47.
21
What is the remainder when 98960 is divided by 98950?
10
What is the remainder when 117015 is divided by 69?
60
What is the remainder when 58684 is divided by 5865?
34
Calculate the remainder when 8466 is divided by 435.
201
What is the remainder when 10606 is divided by 136?
134
Calculate the remainder when 132288 is divided by 5751.
15
What is the remainder when 16881 is divided by 82?
71
Calculate the remainder when 35771 is divided by 11921.
8
What is the remainder when 101312 is divided by 20258?
22
Calculate the remainder when 96600 is divided by 2.
0
What is the remainder when 28590 is divided by 4034?
352
Calculate the remainder when 2349 is divided by 1137.
75
Calculate the remainder when 538 is divided by 61.
50
Calculate the remainder when 425 is divided by 212.
1
Calculate the remainder when 37354 is divided by 3733.
24
Calculate the remainder when 23187 is divided by 184.
3
Calculate the remainder when 574469 is divided by 25.
19
Calculate the remainder when 59111 is divided by 739.
730
Calculate the remainder when 327223 is divided by 3.
1
What is the remainder when 31872 is divided by 63?
57
What is the remainder when 514 is divided by 458?
56
Calculate the remainder when 30 is divided by 12.
6
What is the remainder when 279848 is divided by 143?
140
What is the remainder when 23944 is divided by 2388?
64
What is the remainder when 17992 is divided by 5974?
70
Calculate the remainder when 37634 is divided by 382.
198
What is the remainder when 2448 is divided b